{"id":10280,"date":"2021-10-27T13:26:46","date_gmt":"2021-10-28T09:57:21","guid":{"rendered":"http:\/\/alfajr.local\/?post_type=product&#038;p=10280"},"modified":"2025-11-09T05:56:14","modified_gmt":"2025-11-09T05:56:14","slug":"wall-clock-cr-23","status":"publish","type":"product","link":"https:\/\/alfajrsaat.com\/tr\/product\/wall-clock-cr-23\/","title":{"rendered":"YUVARLAK DUVAR SAATI CR-23"},"content":{"rendered":"<p><strong>EZAN SAATLER\u0130<\/strong>\u00a0\u00a0<em><strong>(d\u00fcnyadaki t\u00fcm \u015fehirler i\u00e7in):<\/strong><\/em><\/p>\n<ul>\n<li>T\u00fcm saat modellerimiz, t\u00fcm namaz vakitleri (fecr ezan dahil) i\u00e7in y\u00fcksek kaliteli dijital ezan ses kontrol\u00fc ile donat\u0131lm\u0131\u015ft\u0131r.<\/li>\n<li>Ezan vakitleri \u00a0d\u00fcnyadaki t\u00fcm \u015fehirler i\u00e7in do\u011fru \u015fekilde hesaplan\u0131r.<\/li>\n<li>ALFAJR, \u015fehriniz i\u00e7in yerel takvim veya en \u00e7ok kullan\u0131lan takvim sistemini kullan\u0131r.Di\u011fer standart takvim sistemleri de mevcuttur.<\/li>\n<\/ul>\n<p><em><strong>OTOMAT\u0130K FECR ALARMI:<\/strong><\/em><\/p>\n<p>Bu e\u015fsiz \u00f6zellik, fecir ezana g\u00f6re her g\u00fcn ayn\u0131 zamanda uyanman\u0131z\u0131 sa\u011flar. \u00d6rne\u011fin, alarm\u0131 5:15 ve fecir ezan saat 5: 00\u2019da ayarlad\u0131\u011f\u0131n\u0131z\u0131 varsayal\u0131m. Ertesi g\u00fcn, e\u011fer fecir ezan\u0131 5:01 AM olursa, otomatik olarak bu alarm 5:16 AM olarak de\u011fi\u015fir. Bu durumda, fecir ezan\u0131ndan her g\u00fcn 15 dakika sonra uyanacaks\u0131n\u0131z.<\/p>\n<p><em><strong>G\u00dcNL\u00dcK ALARM:<\/strong><\/em><\/p>\n<p>G\u00fcnl\u00fck alarm, her g\u00fcn ayn\u0131 saatte \u00e7alan bir alarmd\u0131r.Ayr\u0131ca, bu alarm hafta sonlar\u0131 \u00e7almaz.<\/p>\n<p>&nbsp;<\/p>\n<p><em><strong>KIBLE Y\u00d6N\u00dc:<\/strong><\/em><\/p>\n<p>K\u0131ble y\u00f6n\u00fc (Kuzey G\u00fcne\u015f veya Ay\u2019a g\u00f6re) g\u00f6r\u00fcnt\u00fclenebilir.<\/p>\n<p><em><strong>H\u0130CR\u0130 VE M\u0130LAD\u0130 TAKV\u0130M SE\u00c7ENE\u011e\u0130:<\/strong><\/em><\/p>\n<p>Miladi veya Hicri takvim g\u00f6r\u00fcnt\u00fclenebilir.<\/p>\n<p>Hicri takvim, Gregoryen tarihi takip eder ve Mekke\u2019deki astronomik ay g\u00f6r\u00fc\u015f\u00fcne dayan\u0131r.<\/p>\n<p><em><strong>SICAKLIK G\u00d6STERGES\u0130:<\/strong><\/em><\/p>\n<p>Santigrat cinsinden (\u00b0 C) s\u0131cakl\u0131k g\u00f6r\u00fcnt\u00fclenir.<\/p>\n<p><em><strong>D\u0130\u011eER SE\u00c7ENEKLER:<\/strong><\/em><\/p>\n<ul>\n<li>Yaz Saati Uygulamas\u0131 (bu sistemi kullanan \u00fclkeler i\u00e7in)<\/li>\n<li>Dua hat\u0131rlat\u0131c\u0131s\u0131 (ezan sesi kapand\u0131\u011f\u0131nda).<\/li>\n<li>Fecir ve g\u00fcnl\u00fck alarmlara ek olarak, ALFAJR saatinde ek alarm kurulabilir. \u00d6zel randevular i\u00e7in \u00e7almak \u00fczere ayarlanabilir.<\/li>\n<li>Kre\u015fendo sesi: T\u00fcm alarmlar yava\u015f yava\u015f artan soft uyand\u0131rma sesine sahiptir.<\/li>\n<\/ul>\n<p><strong>KARGO TESL\u0130M UYARISI :<\/strong><\/p>\n<p>Sipari\u015f paketi kargo g\u00f6revlisinin yan\u0131nda a\u00e7\u0131lmal\u0131 ve kontrol edilmelidir.<\/p>\n<p>\u00dcr\u00fcn\u00fcn hasarl\u0131 veya eksik \u00e7\u0131kmas\u0131 durumunda kargo g\u00f6revlisine (Hasarl\u0131 \u00dcr\u00fcn Tespit Tutana\u011f\u0131) haz\u0131rlat\u0131lmal\u0131d\u0131r.<\/p>\n<p>TUTANAK TUTULMAMI\u015e H\u0130\u00c7B\u0130R HASARLI ve EKS\u0130K \u00dcR\u00dcN B\u0130LD\u0130R\u0130M\u0130 D\u0130KKATE ALINMAYACAKTIR.<\/p>\n","protected":false},"excerpt":{"rendered":"<p class=\"product-desc\">\u00d6ZELL\u0130KLER: ALFAJR\u2019\u0131n \u00c7ift saat (Analog \/Dijital) modeli yuvarlak duvar saati, 2 y\u0131l garantilidir. Kasa boyutu 33 X 33 X 5 cm. Termometreli ve DC 6 Volt harici giri\u015f.<\/p>\n","protected":false},"featured_media":11004,"template":"","meta":[],"product_brand":[],"product_cat":[122],"product_tag":[],"class_list":{"0":"post-10280","1":"product","2":"type-product","3":"status-publish","4":"has-post-thumbnail","6":"product_cat-ezan-saatleri","7":"pa_color-beyaz","8":"pa_color-kaabe-tr","9":"pa_color-medine","10":"pa_color-siyah","12":"first","13":"instock","14":"taxable","15":"shipping-taxable","16":"purchasable","17":"product-type-variable","18":"has-default-attributes"},"_links":{"self":[{"href":"https:\/\/alfajrsaat.com\/tr\/wp-json\/wp\/v2\/product\/10280","targetHints":{"allow":["GET"]}}],"collection":[{"href":"https:\/\/alfajrsaat.com\/tr\/wp-json\/wp\/v2\/product"}],"about":[{"href":"https:\/\/alfajrsaat.com\/tr\/wp-json\/wp\/v2\/types\/product"}],"wp:featuredmedia":[{"embeddable":true,"href":"https:\/\/alfajrsaat.com\/tr\/wp-json\/wp\/v2\/media\/11004"}],"wp:attachment":[{"href":"https:\/\/alfajrsaat.com\/tr\/wp-json\/wp\/v2\/media?parent=10280"}],"wp:term":[{"taxonomy":"product_brand","embeddable":true,"href":"https:\/\/alfajrsaat.com\/tr\/wp-json\/wp\/v2\/product_brand?post=10280"},{"taxonomy":"product_cat","embeddable":true,"href":"https:\/\/alfajrsaat.com\/tr\/wp-json\/wp\/v2\/product_cat?post=10280"},{"taxonomy":"product_tag","embeddable":true,"href":"https:\/\/alfajrsaat.com\/tr\/wp-json\/wp\/v2\/product_tag?post=10280"}],"curies":[{"name":"wp","href":"https:\/\/api.w.org\/{rel}","templated":true}]}}

<p><strong>EZAN SAATLERİ</strong>  <em><strong>(dünyadaki tüm şehirler için):</strong></em></p>
<ul>
<li>Tüm saat modellerimiz, tüm namaz vakitleri (fecr ezan dahil) için yüksek kaliteli dijital ezan ses kontrolü ile donatılmıştır.</li>
<li>Ezan vakitleri  dünyadaki tüm şehirler için doğru şekilde hesaplanır.</li>
<li>ALFAJR, şehriniz için yerel takvim veya en çok kullanılan takvim sistemini kullanır.Diğer standart takvim sistemleri de mevcuttur.</li>
</ul>
<p><em><strong>OTOMATİK FECR ALARMI:</strong></em></p>
<p>Bu eşsiz özellik, fecir ezana göre her gün aynı zamanda uyanmanızı sağlar. Örneğin, alarmı 5:15 ve fecir ezan saat 5: 00’da ayarladığınızı varsayalım. Ertesi gün, eğer fecir ezanı 5:01 AM olursa, otomatik olarak bu alarm 5:16 AM olarak değişir. Bu durumda, fecir ezanından her gün 15 dakika sonra uyanacaksınız.</p>
<p><em><strong>GÜNLÜK ALARM:</strong></em></p>
<p>Günlük alarm, her gün aynı saatte çalan bir alarmdır.Ayrıca, bu alarm hafta sonları çalmaz.</p>
<p>&nbsp;</p>
<p><em><strong>KIBLE YÖNÜ:</strong></em></p>
<p>Kıble yönü (Kuzey Güneş veya Ay’a göre) görüntülenebilir.</p>
<p><em><strong>HİCRİ VE MİLADİ TAKVİM SEÇENEĞİ:</strong></em></p>
<p>Miladi veya Hicri takvim görüntülenebilir.</p>
<p>Hicri takvim, Gregoryen tarihi takip eder ve Mekke’deki astronomik ay görüşüne dayanır.</p>
<p><em><strong>SICAKLIK GÖSTERGESİ:</strong></em></p>
<p>Santigrat cinsinden (° C) sıcaklık görüntülenir.</p>
<p><em><strong>DİĞER SEÇENEKLER:</strong></em></p>
<ul>
<li>Yaz Saati Uygulaması (bu sistemi kullanan ülkeler için)</li>
<li>Dua hatırlatıcısı (ezan sesi kapandığında).</li>
<li>Fecir ve günlük alarmlara ek olarak, ALFAJR saatinde ek alarm kurulabilir. Özel randevular için çalmak üzere ayarlanabilir.</li>
<li>Kreşendo sesi: Tüm alarmlar yavaş yavaş artan soft uyandırma sesine sahiptir.</li>
</ul>
<p><strong>KARGO TESLİM UYARISI :</strong></p>
<p>Sipariş paketi kargo görevlisinin yanında açılmalı ve kontrol edilmelidir.</p>
<p>Ürünün hasarlı veya eksik çıkması durumunda kargo görevlisine (Hasarlı Ürün Tespit Tutanağı) hazırlatılmalıdır.</p>
<p>TUTANAK TUTULMAMIŞ HİÇBİR HASARLI ve EKSİK ÜRÜN BİLDİRİMİ DİKKATE ALINMAYACAKTIR.</p>

<p class="product-desc">ÖZELLİKLER: ALFAJR’ın Çift saat (Analog /Dijital) modeli yuvarlak duvar saati, 2 yıl garantilidir. Kasa boyutu 33 X 33 X 5 cm. Termometreli ve DC 6 Volt harici giriş.</p>
